 8*s**2 + s + 10. Let o be a(-8). Let t be (34/(-4))/((-1)/o). Calculate the greatest common divisor of 17 and t.
17
Let o(k) = -3*k + 27. Let t be o(7). Suppose -4*r + 4 = l, -4*l = -2*r + 6*r - 16. Suppose 24 = l*d - 2*d. What is the highest common divisor of d and t?
6
Let i be -1 - (-1 - -2 - 12). Let q(v) = -v**3 + 2*v**2 - v. Let r be q(1). Let b be i + (-1 - -1) + r. What is the greatest common factor of 90 and b?
10
Let w be (2 + -36)*(-135)/30. Calculate the greatest common divisor of 9 and w.
9
Let v be 5/5*0/(-2). Let b be (-210)/45*(-3 + v). What is the highest common divisor of 21 and b?
7
Let f = -7 - -42. Suppose -3*i + 50 + f = 2*z, -114 = -4*i - 3*z. What is the highest common factor of 18 and i?
9
Suppose -6*k + 2*k + 60 = 0. Suppose k = n + 4*o, 3*n - 5*o = 2*n + 33. Calculate the greatest common divisor of 92 and n.
23
Let i be (-3 - -2) + 34/(8 + -6). Let b be (2 + 0)/((-2)/(-32)). What is the greatest common factor of i and b?
16
Let a = -93 - -156. Suppose -11 + 4 = -y. What is the greatest common divisor of y and a?
7
Suppose -y + 17 = 2*s, 0 = -s - y - 4 + 15. What is the greatest common factor of 18 and s?
6
Let c(q) = -6*q. Let m be c(-5). Let k be (16/(-20))/(1/(-25)). What is the highest common divisor of k and m?
10
Suppose 2*b - 14 = 2. Let c be (3 + -7)/(1/(-2)). Calculate the highest common factor of b and c.
8
Suppose 5*f - 28 = -4*m, 2 + 0 = 5*m - 2*f. Calculate the greatest common divisor of 2 and m.
2
Suppose 5*h = 1 + 19. Let n(m) = -m**2 - 5*m + 3. Let l be n(-5). Let g = h - l. Calculate the highest common divisor of g and 7.
1
Suppose 484 = 2*h + 134. Suppose 3*v - 29 = h. Calculate the greatest common divisor of 17 and v.
17
Let t = -6 - -18. Let z(v) = -3*v - 5. Let l be z(-3). What is the greatest common factor of t and l?
4
Suppose 5*t + 4*z - 49 = 0, -5*t + 6*z + 81 = 2*z. Calculate the highest common factor of 117 and t.
13
Suppose 26 + 20 = 2*y. Calculate the greatest common factor of y and 161.
23
Suppose -d - 2*r = 3*r - 19, 0 = -4*d + r + 55. Calculate the highest common factor of 154 and d.
14
Let s be (0 + -3)*(5 + -14). Let o be (-1)/(1 + (-30)/s). Calculate the highest common factor of o and 81.
9
Let u = 17 + -25. Suppose -4*p - 1 = 3. Let y = p - u. What is the highest common factor of y and 7?
7
Let q(s) = s**2 + 16*s - 11. Let n be q(-17). What is the greatest common factor of 18 and n?
6
Let y = 2 - -6. Suppose 2 = -u + 3*b, -5*u = -b - 4 - 0. Calculate the highest common divisor of y and u.
1
Let o be 1/((-7 - -4)/(-198)). Calculate the highest common factor of o and 6.
6
Suppose -4*n + 0*i = i + 137, -i + 73 = -2*n. Let x be ((-42)/n)/((-2)/(-25)). Suppose 5*l = -0*l + 375. What is the highest common factor of x and l?
15
Suppose o = -5*p - 10, p - 10 = 6*p. Suppose 0 = -o*q - q + 20. Calculate the greatest common divisor of 30 and q.
10
Let p be (-80)/(-32) + (-1)/2. What is the greatest common factor of p and 6?
2
Suppose -6 = 26*o - 188. What is the highest common divisor of 49 and o?
7
Let w(m) = -9*m**3 - 2*m**2 - 2*m - 1. Let c be w(-1). What is the highest common divisor of c and 2?
2
Suppose 4*u - 48 = -4*c, 0 = -2*c - 3*u + 12 + 15. Calculate the greatest common divisor of 9 and c.
9
Let d = 4 + -3. Let a(h) = 2*h**3 - h**2 + 2*h - 1. Let k be a(d). What is the greatest common divisor of k and 1?
1
Suppose 2*k - 3*k = 0. Suppose k = -0*z - z + 40. Let t = -25 + z. What is the highest common divisor of 60 and t?
15
Let s = 20 + -1. Let m(f) = 4*f**3 + 4*f**2 - 3*f - 2. Let w be m(3). What is the highest common divisor of w and s?
19
Suppose r + 5 = -4*r, 24 = 3*o + 3*r. Calculate the highest common divisor of 9 and o.
9
Let d = 3 + -3. Suppose d = -3*a - a + 40. What is the highest common factor of a and 20?
10
Let j(d) = d**2 + 6*d - 13. Let y be j(-9). Let a(i) = -i**2 + 8*i. Let b be a(8). Suppose b = 5*n + 7 - 77. Calculate the greatest common divisor of n and y.
14
Suppose 19*s - 14*s - 55 = 0. Suppose 2*z = 2*f + 156, -3*z - 5 = -5*f - 241. What is the greatest common factor of z and s?
11
Suppose 5*v + i = -5, 4*i - 3 = -3*v - 23. Suppose v = -z + 11 + 6. Calculate the highest common factor of 51 and z.
17
Let q be (8/14)/(8*7/196). Calculate the highest common divisor of q and 7.
1
Suppose n = -5*l + 115, 2*l = 4*n + 98 - 580. Calculate the greatest common divisor of 80 and n.
40
Let n be (-4)/(-10) + ((-13488)/5)/(-6). What is the highest common factor of n and 50?
50
Let i(r) = r**2 + 35. Let s be i(0). What is the greatest common divisor of s and 105?
35
Let r(t) = t**2 - 2*t - 4. Let m be r(5). Calculate the greatest common factor of m and 77.
11
Suppose -4*v = 4*t + 12, -2*t - 5 = -t. Suppose v = k - 0*k. Let z = -31 - -47. What is the highest common factor of z and k?
2
Let g = 5 - 3. Suppose -2*z - r + 10 = -z, g*z - 3*r = 10. Calculate the highest common factor of 72 and z.
8
Let p(s) = s - 194. Let o be p(0). Let j be o/(-12) + (-2)/12. What is the greatest common factor of 24 and j?
8
Let f = -41 - -61. Let p = f + -6. Suppose 5*m = -h - p, 9 = m - 4*m. What is the highest common divisor of h and 5?
1
Suppose 3*y - 525 = 3*j, -3*j - 8 = -j. Calculate the greatest common factor of 19 and y.
19
Let u = 14 + -10. Suppose 0 = -b - u*b + 625. Suppose -2*q = 3*q - b. What is the greatest common divisor of 5 and q?
5
Let r(b) = -2*b**2 - 2*b - 1. Let z be (-2)/(-2*(-3)/3). Let q be r(z). Let l = q - -14. Calculate the highest common factor of 117 and l.
13
Suppose -5*b = 127 - 337. Suppose -2*n = -4*n - o - 11, 5*n + 20 = -o. Let z = 31 + n. What is the greatest common divisor of b and z?
14
Let j be -30*((-8)/12)/((-2)/(-3)). What is the highest common factor of 270 and j?
30
Let o(y) = -y**3 + 8*y**2 - 7*y + 4. Suppose -4*h - j = -2*j - 25, -j = -3. Let q be o(h). Calculate the highest common factor of q and 10.
2
Let t(j) = j**3 + 2*j**2 - 4*j - 1. Let i be t(-3). Suppose 5*g + 2*q - 26 = 0, 5*g - g + i*q - 20 = 0. Calculate the greatest common divisor of g and 42.
6
Suppose t = -2*m + 529, -5*m - 5 = -4*m. What is the highest common divisor of t and 49?
49
Let g(u) = -2*u**2 + 2*u**2 + 53*u**3 - 5*u**3. Let q be g(1). Suppose 0 = s - l - 3 + 1, -3*s - 3*l = -30. Calculate the highest common factor of q and s.
6
Let y(g) = -44*g**3 - g**2 - 3*g - 2. Let m be y(-1). Suppose 5*k + 215 - 20 = 2*u, -3*k = -3*u + 315. What is the greatest common divisor of u and m?
22
Suppose s + 15 = 53. What is the greatest common divisor of 190 and s?
38
Let p(x) = x**2 + 5*x - 4. Let w be p(-6). Suppose -3*r + 21 = -3*g, -w*g + 0*g = 5*r - 56. Calculate the greatest common divisor of r and 50.
10
Let y = -2 + 4. Let l(m) = -1 - 5 + m**2 - y*m + 8*m. Let u be l(-8). What is the highest common divisor of 70 and u?
10
Suppose 0*x - 5*x = 5, -v = -4*x - 76. What is the greatest common factor of v and 8?
8
Let a be (-2 - -1)/(2/(-16)). What is the highest common factor of a and 56?
8
Suppose -10 = -2*g + 2*k, 0*k + 5*k = -2*g + 17. Calculate the greatest common divisor of 33 and g.
3
Let j = 5 + 28. What is the highest common divisor of 22 and j?
11
Let g(l) = 2*l - 2*l - 3*l. Let x be g(-4). Calculate the highest common factor of 12 and x.
12
Suppose -1296 = z - 5*z. Suppose 0 = -4*k - 0*k + z. Calculate the greatest common divisor of 9 and k.
9
Let h(r) = r**2 + r - 4. Let z be h(0). Let j be 16 + z/(6/(-3)). Calculate the greatest common divisor of j and 2.
2
Let l(h) = -h + 2. Let r be l(-8). Calculate the highest common factor of r and 10.
10
Let c = 5 - -7. Let t be (-21)/3*(-36)/7. Calculate the highest common divisor of t and c.
12
Let v(f) = 2*f + 38. Let w be v(-7). Calculate the highest common factor of 120 and w.
24
Suppose 5*u - 49 = 126. Calculate the highest common divisor of 385 and u.
35
Suppose -3*x = s - 2*x - 8, 0 = -s - 5*x + 28. Suppose -q + 6*b - b + 11 = 0, 7 = s*q - 2*b. What is the greatest common divisor of q and 5?
1
Let j(c) = -c**2 - c + 2. Let p be j(-2). Suppose -3*r + 164 - 29 = p. Let m be (0/2 - -5)*1. What is the greatest common divisor of m and r?
5
Let m(u) = 3*u**2 + 6*u. Let h be m(-6). What is the highest common divisor of h and 48?
24
Suppose 3*h - 7*r = -2*r + 268, 3*h + 4*r = 223. What is the greatest common divisor of 9 and h?
9
Let f